{"id":13,"date":"2013-10-31T14:21:25","date_gmt":"2013-10-31T12:21:25","guid":{"rendered":"http:\/\/autosattlereibunn.de\/wordpress\/?page_id=13"},"modified":"2024-11-18T16:33:57","modified_gmt":"2024-11-18T14:33:57","slug":"referenzen","status":"publish","type":"page","link":"https:\/\/autosattlereibunn.de\/?page_id=13","title":{"rendered":"News"},"content":{"rendered":"<h1>10.07.2019<\/h1>\n<h1><span style=\"color: #000000;\">N\u00c4HERIN gesucht!!<\/span><br \/>\ndeutschsprachig, ab sofort nach Mart Indersdorf<br \/>\nauf Minijob-Basis gesucht. Arbeitszeit flexibel.<br \/>\nBei Interesse melden unter Tel. 0 81 36\/89 37 60<\/h1>\n<p>&#8212;&#8212;&#8212;&#8212;&#8212;&#8212;&#8212;&#8212;&#8212;&#8212;&#8212;&#8212;&#8212;&#8212;&#8212;&#8212;&#8212;&#8212;&#8212;&#8212;&#8212;&#8212;&#8212;&#8212;&#8212;&#8212;&#8212;&#8212;&#8212;&#8212;&#8212;&#8212;&#8212;&#8212;&#8212;&#8212;&#8212;&#8212;<\/p>\n<p>01.04.2019<\/p>\n<h1>Umleitung wegen Stra\u00dfenbau:<\/h1>\n<p>Momentan wird die Stra\u00dfe zwischen Niederroth und Ottmarshart saniert. Bitte zu uns \u00fcber das Gewerbegebiet Markt Indersdorf Richtung Arnbach fahren. F\u00fcr R\u00fcckfragen gern durchrufen unter 08136 \/ 893760.<\/p>\n<p>&#8212;&#8212;&#8212;&#8212;&#8212;&#8212;&#8212;&#8212;&#8212;&#8212;&#8212;&#8212;&#8212;&#8212;&#8212;&#8212;&#8212;&#8212;&#8212;&#8212;&#8212;&#8212;&#8212;&#8212;&#8212;&#8212;&#8212;&#8212;&#8212;&#8212;&#8212;&#8212;&#8212;&#8212;&#8212;&#8212;&#8212;&#8212;<\/p>\n<p>27.02.2019<\/p>\n<p>\u201eDie Qual der Wahl\u201c &#8211; allein mit dem Faden k\u00f6nnen einzigartige Lederausstattungen oder Motorradsitzb\u00e4nke gen\u00e4ht werden. Wir haben \u00fcber 200 unterschiedliche St\u00e4rken und Farben zur Auswahl im Haus. Damit k\u00f6nnt Ihr Euch schon bei der Auswahl der Materialen ein Bild machen wie es sp\u00e4ter fertig aussehen wird.<\/p>\n","protected":false},"excerpt":{"rendered":"<p>10.07.2019 N\u00c4HERIN gesucht!! deutschsprachig, ab sofort nach Mart Indersdorf auf Minijob-Basis gesucht. Arbeitszeit flexibel. Bei Interesse melden unter Tel. 0 81 36\/89 37 60 &#8212;&#8212;&#8212;&#8212;&#8212;&#8212;&#8212;&#8212;&#8212;&#8212;&#8212;&#8212;&#8212;&#8212;&#8212;&#8212;&#8212;&#8212;&#8212;&#8212;&#8212;&#8212;&#8212;&#8212;&#8212;&#8212;&#8212;&#8212;&#8212;&#8212;&#8212;&#8212;&#8212;&#8212;&#8212;&#8212;&#8212;&#8212; 01.04.2019 Umleitung wegen Stra\u00dfenbau: Momentan wird die Stra\u00dfe zwischen Niederroth und Ottmarshart saniert. Bitte zu uns \u00fcber das Gewerbegebiet Markt Indersdorf Richtung Arnbach fahren. F\u00fcr R\u00fcckfragen gern durchrufen unter 08136 [&hellip;]<\/p>\n","protected":false},"author":1,"featured_media":0,"parent":0,"menu_order":0,"comment_status":"closed","ping_status":"closed","template":"","meta":{"_et_pb_use_builder":"","_et_pb_old_content":"","_et_gb_content_width":"","footnotes":""},"class_list":["post-13","page","type-page","status-publish","hentry"],"jetpack_sharing_enabled":true,"_links":{"self":[{"href":"https:\/\/autosattlereibunn.de\/index.php?rest_route=\/wp\/v2\/pages\/13","targetHints":{"allow":["GET"]}}],"collection":[{"href":"https:\/\/autosattlereibunn.de\/index.php?rest_route=\/wp\/v2\/pages"}],"about":[{"href":"https:\/\/autosattlereibunn.de\/index.php?rest_route=\/wp\/v2\/types\/page"}],"author":[{"embeddable":true,"href":"https:\/\/autosattlereibunn.de\/index.php?rest_route=\/wp\/v2\/users\/1"}],"replies":[{"embeddable":true,"href":"https:\/\/autosattlereibunn.de\/index.php?rest_route=%2Fwp%2Fv2%2Fcomments&post=13"}],"version-history":[{"count":9,"href":"https:\/\/autosattlereibunn.de\/index.php?rest_route=\/wp\/v2\/pages\/13\/revisions"}],"predecessor-version":[{"id":342,"href":"https:\/\/autosattlereibunn.de\/index.php?rest_route=\/wp\/v2\/pages\/13\/revisions\/342"}],"wp:attachment":[{"href":"https:\/\/autosattlereibunn.de\/index.php?rest_route=%2Fwp%2Fv2%2Fmedia&parent=13"}],"curies":[{"name":"wp","href":"https:\/\/api.w.org\/{rel}","templated":true}]}}